e number?
False
Let y(r) = 761*r**2 - 9*r - 16. Let x(b) = -1141*b**2 + 14*b + 24. Let w(n) = -5*x(n) - 7*y(n). Is w(-3) a prime number?
False
Suppose -4*s - 1 = -2*l - 7, s = -5*l - 4. Let d be (-2)/(-2 + 4)*(s - 98). Let v = d + -90. Is v a prime number?
True
Let t = -60 - -67. Suppose -5*j + t + 18 = 0. Suppose 5*o - d = 2740 + 15676, -14727 = -4*o - j*d. Is o a composite number?
True
Let f = 149210 + 248589. Is f composite?
False
Let a = 1655 + -400. Suppose 4430 = 5*u - a. Let o = 2614 - u. Is o prime?
False
Let h = 15334 + -1029. Is h a prime number?
False
Let n(v) be the first derivative of 11*v - 2 - 41/2*v**2. Is n(-16) a prime number?
False
Suppose -5*k - a + 32066 = 0, 0*a + 2*a = k - 6422. Suppose 0*v - d + 6417 = v, -4*d = v - k. Is v composite?
True
Suppose -12*h + 6*h = 36. Is (3/h)/(10/(-23020)) prime?
True
Suppose -4*p - p = 2*d + 52, p = 2*d + 40. Is (-193680)/(-70) - 3/d a prime number?
True
Suppose -5*k - g + 25691 = -k, 0 = 3*k + 5*g - 19298. Is k a prime number?
True
Suppose -18*y - 22*y + 3600 = 0. Is 31*((-6724)/(-10) - y/(-150)) a composite number?
True
Suppose 17*w - 40 = 9*w. Suppose 0 = -w*b + 3*f + 4641 + 4783, 2*b - 4*f = 3764. Suppose x - 2829 = -2*x + 5*t, 0 = -2*x + 5*t + b. Is x a prime number?
False
Let q(v) = 4*v + 32. Let a be q(-8). Suppose -5*c = 3*x - a*x + 13, 0 = -2*c + 4*x - 26. Is 20/(-8)*66/c prime?
False
Suppose 7*u = 24 - 10. Is 9029*((-14)/(-56))/(u/8) a composite number?
False
Let s(w) = -11*w + 98. Let c be s(8). Suppose -c*y = -35*y + 311075. Is y prime?
False
Suppose 12*v - 31925 = 8683. Suppose a + 5*u = 1696, -2*u = 5*a - 3*a - v. Is a prime?
False
Suppose 0*w = 5*w + w. Suppose 4*s - 2*x = 1318, -s + 343 = -w*s + 4*x. Is s a composite number?
False
Let p(m) = 2*m - 12. Let a be p(9). Suppose -180 = a*y - 4*y. Let j = 301 + y. Is j prime?
True
Let v be 4 + (1 + 2 - 8). Let l be (-29085)/42 + (3/2)/v. Let o = l + 1525. Is o a prime number?
False
Suppose 527905 = 4*u - 32*k + 29*k, -5*k + 263959 = 2*u. Is u a composite number?
True
Let g be -6 - (4 - -12*(-3)/12). Is 18478/(g*16/(-56)) prime?
True
Let l be ((-10)/((-120)/(-54)))/((-3)/6). Let v(q) = 4*q**3 - 17*q**2 - 19*q + 37. Is v(l) composite?
True
Suppose -2*k - 8 = 0, 307 = -x + 3*k - 2731. Let s = 4367 + x. Is s prime?
False
Suppose 5*t = m + 902, -4*t - 232 = m - 950. Suppose -t = u - 259. Is u prime?
True
Let v(y) = 4*y**2 - 6*y - 5. Let g be v(6). Let p(u) = -20*u + 42. Let a be p(-19). Let q = a - g. Is q a composite number?
True
Suppose -4*j - q + 773658 + 262138 = 0, 3*q = -j + 258949. Is j a composite number?
False
Let o = 531 + -90. Let q = o - -268. Is q a prime number?
True
Let n = 16985 - -6198. Is n composite?
True
Suppose 0 = 18*i + 25 + 29. Is (-47481)/(-33) + i*2/(-33) a prime number?
True
Suppose r + 18800 = i, -22*i = -20*i + r - 37600. Is 5/(-15)*-3*(i + -3) prime?
True
Suppose 1032587 = l + 5*q, -5*l + 3*q = 2569406 - 7732509. Is l a prime number?
True
Suppose 49*p - 7*u + 43017 = 53*p, -3*p + u + 32294 = 0. Is p prime?
False
Let d(a) = -2*a + 38. Let f be d(18). Suppose -f*n = -2*z - 1346, 2*z + 675 = n - 0*n. Is n a prime number?
False
Let b be 48969 + (-1)/((28/16)/7). Suppose 7*g - b = -0*g. Is g composite?
True
Let x = -12405 - -13148. Let f = -3120 - -5322. Let v = f - x. Is v a composite number?
False
Let s be (11/(-2))/(109/218). Is (12523/(-14) + s)/((-2)/4) prime?
True
Suppose -43*c + 73 = -56. Let f(p) = 16*p**3 - 2*p**2 + 10*p - 12. Let t be f(9). Suppose -t + 3770 = -5*u + 5*s, 2*u = -c*s + 3119. Is u a composite number?
True
Suppose -4*i - 64 = 36. Let b = -23 - i. Is ((-4300)/(-7) + (-20)/70)/b a composite number?
False
Let p = 192 + -195. Is 0 + 2 + p - (-3 + -1115) a composite number?
False
Let s(g) = 401*g - 15. Suppose -5*v - 7*n + 2*n = -25, 0 = v + 4*n - 14. Is s(v) composite?
False
Let o(p) = -11939*p**3 + 5*p**2 - 25*p - 56. Is o(-3) prime?
True
Suppose -y + 66082 = r, -3*y - r = 91106 - 289358. Is y prime?
False
Suppose 52*x - 1131263 = 3328205. Is x composite?
True
Suppose -58*a + 17522055 + 6716158 = -4858473. Is a prime?
False
Let q = 7178 - -8629. Suppose b - 4*b + 2*f + 15807 = 0, -3*b + q = -4*f. Is b a prime number?
False
Suppose -4*y + 2*s + 560618 - 140062 = 0, -4*y + 420540 = 2*s. Is y a composite number?
False
Let i = 4422 + -579. Is i - (-4 - 6 - -6) composite?
False
Let n = 42458 - 25021. Suppose 5*q - n = -o - o, -q = 5*o - 3469. Is q a composite number?
True
Let h = 230012 + 62325. Is h a composite number?
True
Let r = 413796 + -198845. Is r composite?
True
Suppose -3*w - 5 = -n - 177, -3*n + 44 = w. Suppose -21*c = -w*c + 20545. Is c a composite number?
False
Suppose -2*v - 3*o + 258866 = 0, -v = -5*o - 70967 - 58492. Is v prime?
True
Suppose -c = 4*q - 3*c - 34, 2*c = 10. Is 2/(11480/(-63745) - (-2)/q) composite?
True
Let m = 35 - 70. Let z be (-65965)/m - (-6)/21. Suppose 8*r = 3*r + z. Is r composite?
True
Is 9 + -11 + 1 + (-1968)/(-4) prime?
True
Let a(g) = 59445*g - 4782. Is a(21) a prime number?
False
Let o = -69 - -61. Let p = o - 22. Is (1 + p)/((-6)/66) prime?
False
Let t = 60 + 863. Let p be (-25)/(-10)*-804*-1. Let z = p - t. Is z a composite number?
False
Let x be -1 + 3 + (-4)/(-2). Let i be ((-27)/36)/((-1)/x). Suppose -h - 3*j = -6*h + 2383, 1425 = i*h - 3*j. Is h a composite number?
False
Let z(k) = 25*k**2 + 11*k - 17. Suppose -8 = 14*h - 22*h. Let a be (-1*h)/(43/(-7) + 6). Is z(a) composite?
True
Let c = -488 + 490. Suppose c*t - 6*t + m = -87359, -t - 3*m = -21830. Is t a composite number?
False
Is 5592937/49 - (9 + (-413)/49) composite?
True
Suppose -3*k + 199 - 145 = 0. Suppose -k*s - 9368 = -26*s. Is s a prime number?
True
Let k(t) = -t**3 - 15*t**2 - t - 18. Let z be k(-15). Let c be 111/6 - z/(-2). Let x = c - 13. Is x a prime number?
False
Let k = -4863 - -6958. Let l = 6068 - k. Is l a composite number?
True
Let a = -54 - -84. Suppose -r - 4*f = -a, -r - 90 = -5*r - f. Let s = 111 - r. Is s a composite number?
False
Suppose -202647 = 59*y - 152*y. Is y a composite number?
False
Let u(n) = -8*n**3 - 4*n**2 + 4*n + 8. Suppose -5*y - 2*v - 10 = -0*y, 10 = 2*v. Let q be u(y). Let t = q + -291. Is t composite?
False
Let t be 5 + (0/37 - (1 - 1)). Suppose -6891 = -t*d - 596. Is d composite?
False
Let l(x) = 2034*x**2 - x + 1. Let d be l(-1). Suppose -39*o + d = -35*o. Is o composite?
False
Let n(y) = 123*y + 2. Let f(r) = -r + 2. Let v(c) = 2*f(c) - n(c). Suppose 12 = 5*m + 47. Is v(m) a composite number?
False
Let l = 40225 + 447336. Is l composite?
False
Let b(m) = -m**3 - 16*m**2 + 16*m - 7. Let f be b(-17). Let v(i) = -12 + 6*i - 7 + 4*i**2 + f. Is v(-11) composite?
False
Suppose 4*p + 15*q = 18*q + 1443008, -q = 4. Is p a prime number?
True
Let w = -89 - -92. Suppose -2*y + 4 = -y, 0 = w*j - 2*y - 3370. Is j composite?
True
Let p = 119244 + -39607. Is p composite?
True
Let p(d) = 65 - 5*d + 5*d - 66 - d. Let i be p(-1). Is 1083 + i + (-12)/(-3) a prime number?
True
Let c = 310 - 308. Suppose 2*x - 3*z = 1100, -5*x = -3*z + c*z - 2763. Is x a prime number?
False
Let h(y) = 119*y + 50557. Is h(0) composite?
True
Let b = 35089 + -18440. Is b a composite number?
False
Let l = 21 + -11. Suppose -5*m - 68 = -3*k + 74, 0 = 2*m + l. Suppose 44*t - k*t = 6775. Is t a composite number?
True
Let m(s) = 123*s**2 + 6*s - 41. Let y be m(7). Suppose -25*h + y = -21*h. Is h a composite number?
True
Let p be (-44)/12 - -4 - 6/(-9). Let r be p/((-2)/(-8)) + -2. Suppose 0 = 3*t - r*k - 100, k = -t - 4*k + 39. Is t prime?
False
Suppose -2*k - 5*g + 10*g + 15242 = 0, 3*g = 12. Is k a prime number?
False
Let l be (-3 + 3/(-2) + 4)*4. Is ((-1222968)/14)/(-4) + l/(-7) composite?
False
Let s(c) = -34*c**3 + 2*c**2 + 17*c - 90. Is s(-19) prime?
False
Suppose 0*a - 5*y = 3*a - 10, 4*a + 3*y - 17 = 0. Suppose -3*v - 3335 = -5*p, a*v = 6*v. Is p a composite number?
True
Let l(x) = -x**2 - 9*x - 13. Let r be -1 + (0 - 3 - 2). Let t be l(r). Suppose -t*b - 138 + 1453 = 0. Is b a composite number?
False
Let g be 104/(-8) - (-7 + 2). Let y(t) = -193*t + 45. Let f be y(g). Suppose -14*b = -15*b + f. Is b a composite number?
True
Suppose 5*j = -u + 58512, 3*u - 175466 = j - 6*j. Is u a composite number?
False
Let p(m) = -5*m + 5. Let q be p(-5). Suppose -z - z - 4 = 0, 3*w = 3*z + 